d by t.
4
Suppose 3*n + 1 = 124. Suppose 2*j - n = 129. What is the remainder when j is divided by 8?
5
Suppose 20 = -5*p, 51 = 5*i - 5*p - 449. Suppose 2*x - 82 = -5*h + x, 4*h = 2*x + 74. Calculate the remainder when i is divided by h.
11
Let i = 668 - 638. Let o(q) = q**3 - 3*q**2 - 3*q - 4. Calculate the remainder when o(6) is divided by i.
26
Let h(b) = 15*b**2 + 345*b + 86. Calculate the remainder when 307 is divided by h(-23).
49
Suppose 18 = -3*n + 3. What is the remainder when n/10 + (-594)/(-12) is divided by 18?
13
Suppose 5*r - 4*x - 439 = 0, -r + 40 = -2*x - 49. What is the remainder when 259 is divided by r?
85
Let g(o) = 2*o - 62. Let f be g(32). Calculate the remainder when 1*232 + (3 - f) is divided by 26.
25
Suppose 94 - 70 = 4*s, 2*s + 148 = 5*m. Calculate the remainder when 121 is divided by m.
25
Let l(s) = 2*s**2 - 3*s - 7. Let i = -7248 - -7546. Calculate the remainder when i is divided by l(4).
12
Suppose b + 591 = 4*m, 5*b - 616 = -4*m + b. Suppose -a = -z - 41, -8*z = -5*z - 12. Let c = -7 + a. What is the remainder when m is divided by c?
35
What is the remainder when 254 is divided by 50/9*(99/(-18) - -10)?
4
Suppose -s - s = 4, -2*d - 3*s - 2 = 0. Suppose 2*o = 0, 4*b + 7*o - 248 = d*o. Calculate the remainder when b is divided by 21.
20
Suppose -8*l - 3*h + 347 = 0, 17*l + 3*h + 40 = 18*l. Calculate the remainder when 89 is divided by l.
3
What is the remainder when 10107 is divided by 539/4 - (110/40 + -1)?
132
Let q(h) = h**2 - 6*h - 7. Let c be q(5). Let o = c - -35. Suppose v = 9, -4*x - 3*v + 734 - 163 = 0. Calculate the remainder when x is divided by o.
21
Let k(l) = 30*l**2 + 39*l + 37. What is the remainder when 2127 is divided by k(-1)?
27
Suppose -8*g = 12 - 76. Suppose -2*z = 4*v - 44, -g*v = 5*z - 3*v - 115. Calculate the remainder when z is divided by 9.
6
Suppose -i - 5*k = -289, -2*i + 4*k + 590 = 8*k. Let a = -255 + i. Let b(z) = z**3 - z**2 - 3*z + 3. What is the remainder when a is divided by b(3)?
8
Suppose -2*a + m + 8 = -3*m, -a + 4 = 2*m. Suppose 14*g - 124 = -4*o + 17*g, 5*o - 154 = a*g. What is the remainder when 133 is divided by o?
31
Let x(z) = z**3 - 41*z**2 + 244*z + 76. Calculate the remainder when x(34) is divided by 73.
61
Let i = -56 - -57. Let d be i - (-8)/(-20)*5 - -100. Suppose -53 - d = -8*s. Calculate the remainder when 56 is divided by s.
18
Let t(f) = 4*f**2 + 67*f - 39. Let q be t(-20). Let i = q - 201. What is the remainder when 39 is divided by i?
19
Suppose -2 = -2*u, -3*v - 4*u - 8 - 6 = 0. What is the remainder when 228 is divided by (v/(-9))/(16/792)?
30
Let n(i) = 2*i**3 - 27*i**2 - 6*i - 74. Calculate the remainder when n(14) is divided by 22/((-7)/((-14)/4)).
5
Let t(i) = 64*i**2 + 5*i - 2. Let r = -243 - -245. Calculate the remainder when t(r) is divided by 7.
5
What is the remainder when 107847/63 + 11/77 is divided by 193?
168
Suppose 7*x + 77 = 1253. Suppose 7*c - x = 49. Calculate the remainder when 116 is divided by c.
23
Suppose -18*u + 16*u - 200 = 0. Let x = 60 + u. Let q = x + 54. What is the remainder when 48 is divided by q?
6
Let b(s) = 18*s + 123. Let l = -221 + 216. Calculate the remainder when 93 is divided by b(l).
27
Calculate the remainder when 400 is divided by 9 - 4564/(-98)*7.
65
Let w = 1702 + -868. Calculate the remainder when w is divided by 11.
9
Suppose 2*l = 7*l - 275. Let t(y) = -y**3 + 18*y**2 + 20*y - 24. Let c be t(19). Let b = c - -19. Calculate the remainder when l is divided by b.
13
Suppose 3 = 47*o + 3. Suppose -4*v - h + 80 + 11 = o, -3*v = 3*h - 66. Suppose 0*a - 5*a + 435 = 0. Calculate the remainder when a is divided by v.
18
Calculate the remainder when 138 is divided by (((-1161)/18)/(-43) + (-19)/14)*203.
22
Let t = 8 + 23. Suppose 5 = -3*x + 4*z + 61, -3*z + 43 = 2*x. Suppose 4*c = 5*m + x + 24, 4*c + 2*m - 44 = 0. What is the remainder when t is divided by c?
9
Let v = -43 + 68. Let i = 47 - v. Suppose 9 = -3*w, 6*l = 5*l + 5*w + i. Calculate the remainder when l is divided by 5.
2
Calculate the remainder when 372 is divided by 1100/35*42/12.
42
Suppose 0 = 5*n + 3*y - 823 - 1154, -3*y - 18 = 0. Calculate the remainder when n is divided by 18.
3
Let g be ((-2)/(-8) - 147/28)*-1. Suppose 5*c = -5*d + 360, g*c - 105 + 415 = 5*d. What is the remainder when 122 is divided by d?
55
Let b(s) = -243*s + 987. Calculate the remainder when 416 is divided by b(4).
11
Let q(n) = 33*n**2 + 32*n + 72. Calculate the remainder when q(-6) is divided by 16.
12
Suppose -3*w + 40 = -11*w. Calculate the remainder when (((-190)/8)/w)/((-5)/(-20)) is divided by (-42)/(-6)*10/7.
9
Let c(t) = t**3 - t**2 + 18*t - 22. What is the remainder when 5788 is divided by c(2)?
10
Calculate the remainder when 2 + (8 - 3 - 0) - (-308 - 7) is divided by 163.
159
Suppose 7*a - 30 - 40 = 0. What is the remainder when ((-12)/a)/(0 - 8/60) is divided by 3?
0
Suppose -5*y - 34 + 4 = 0. What is the remainder when (148/3)/(y/(-9)) is divided by 11?
8
Calculate the remainder when 1/(-5)*4*19186405/(-3878) is divided by 59.
5
Suppose 0 = -377*z + 381*z - 3*h - 293, -5*z + 4*h = -365. Calculate the remainder when z is divided by 18.
5
Suppose -6*p - 10*p = -304. Suppose -2*b + 0*b = -250. What is the remainder when b is divided by p?
11
Let k = 2771 + -2755. Calculate the remainder when 61 is divided by k.
13
Suppose 2*y - 72 = g, -13 = 5*g - 3. Suppose -3*d = -3 - 0. Calculate the remainder when y is divided by 0 + d + (-11)/((-33)/36).
9
Let h = 408 - 347. Suppose 5*p = 15, 35 = 3*j - 5*p - h. Calculate the remainder when j is divided by 12.
1
Let u(c) = c**3 + 144*c**2 + 30*c - 537. What is the remainder when u(-143) is divided by 84?
82
Let m(z) = -2*z**2 - 77*z + 392. Let l(t) = 2*t**2 - 4 - 2*t + 3*t**2 + 6. What is the remainder when l(2) is divided by m(-43)?
3
Let y(x) = x**2 - 5*x - 10. Let q = 73 + -70. What is the remainder when y(-7) is divided by q + 10 + (-12)/(-6)?
14
Suppose 5*h - 240 = -5*v, -10*v + 7*v - 4*h = -146. Suppose -5*m + 142 = 3*k, 5*m + v = k - 8. What is the remainder when k is divided by 26?
23
Suppose 654*n + 2014 = 3*d + 649*n, 4*n = -2*d + 1350. Calculate the remainder when d is divided by 32.
1
Let t be -4 + -1 + (132 - 21). Suppose -3*m - 72 = -2*a, -3*a = -0*a - 4*m - t. What is the remainder when 85 is divided by a?
25
Let y(s) = s**3 + 7*s**2 + 14*s + 30. Let g be 19/4 - 6/8. Suppose 0*c - 24 = -g*c. Calculate the remainder when y(-4) is divided by c.
4
Suppose 122*p + 10865 = 81*p. Let r = -213 - p. What is the remainder when 363 is divided by r?
51
Let y(q) = 4*q + 14. Let u be y(-3). Suppose -138 = -4*f - 2*m, -f + 15 + 15 = u*m. Calculate the remainder when 72 is divided by f.
0
Let b = 154 + 715. Calculate the remainder when b is divided by 22.
11
Let l be 6/(-9)*((-9)/2 + -3). Suppose -l*o + 5*g + 25 = 0, g - 7 = 2*o - 19. Suppose 81 = 4*n - o. Calculate the remainder when 78 is divided by n.
12
Let m = -8 - -25. Suppose 0 = -5*h - 3*d + 39 + m, 4*d = 3*h - 51. Suppose -5*s - h - 1 = -4*j, 0 = 4*s - 8. Calculate the remainder when 29 is divided by j.
5
Suppose -21895 - 6961 = -w - 7*w. Calculate the remainder when w is divided by 44.
43
Let m = -3539 - -3571. What is the remainder when 479 is divided by m?
31
Let z(d) = -d**3 + 3*d**2 + 2*d - 3. Let q be z(5). Let l be ((-3)/(-2))/((-12)/(-376)). Let s = l - q. Calculate the remainder when s is divided by 23.
21
Suppose 0 = -7*x + 164 + 167 - 296. What is the remainder when 128 is divided by x?
3
What is the remainder when (1608/(-1340))/((-3)/65) is divided by -6*(-1)/((-2)/(-3))?
8
Suppose -13364 = -58*f + 19058. Calculate the remainder when f is divided by 114.
103
Let x(k) = -18*k + 743. Calculate the remainder when 1793 is divided by x(40).
22
Let j = 1229 - 1029. Calculate the remainder when j is divided by 28.
4
What is the remainder when (13460/(-8))/(5/(-20)) is divided by 9?
7
Let t be (-54)/(9/(-12) - 1/(-4)). Let y = -46 + t. What is the remainder when y is divided by 21?
20
What is the remainder when 7304/4 + 348/58 is divided by 17?
13
Let h = 76 + -41. Let i be ((-108)/21)/((-5)/h). Suppose 4*o - i = 24. Calculate the remainder when 42 is divided by o.
12
Let b(y) = y**3 + 23*y**2 + 5*y - 353. Calculate the remainder when 3539 is divided by b(-18).
8